p**2 + 8*p - 8. Give m(8).
-8
Let s(p) = p**2 - 2*p. Give s(3).
3
Let z(g) = -10*g - 68. Calculate z(12).
-188
Let o(w) = -w**3 + 8*w**2 - 6*w + 4. Calculate o(7).
11
Let u(q) = -2*q**3 - 6*q**2 + 3. Give u(-1).
-1
Let d(f) = -f**2 + 6*f + 14. Determine d(-2).
-2
Let z(u) = -u**3 - 6*u**2 + 24*u - 20. What is z(-9)?
7
Let z(c) = -2*c**2 + 12*c + 9. Calculate z(6).
9
Let x(u) = u**2 - 6*u - 2. Determine x(-5).
53
Let x(a) = -a**2 - 27*a - 134. Give x(-7).
6
Let a(d) = 3*d**2 - 23*d + 22. Give a(10).
92
Let t(y) = -y**3 + 17*y**2 + 2*y - 17. Give t(17).
17
Let x(b) = -b - 31. Calculate x(-16).
-15
Let b(d) = d**3 - 6*d**2 - 4*d + 7. What is b(6)?
-17
Let a(l) = -2*l**2 + 15*l - 5. Give a(6).
13
Let o(l) = -l - 14. Give o(0).
-14
Let a(i) = -i**2 - 12*i - 14. Determine a(-9).
13
Let f(n) = -44*n - 11. Give f(1).
-55
Let j(y) = -3*y**3 + 5*y**2 - 3*y + 4. Determine j(2).
-6
Let p(l) = 32*l - 856. Calculate p(27).
8
Let q(h) = 19*h**2 - 2. Determine q(2).
74
Let s(n) = -3*n**2 - 2*n + 9. Give s(2).
-7
Let i(w) = -w**3 - 10*w**2 - 51*w - 382. Determine i(-9).
-4
Let w(a) = a**3 + 5*a**2 - 8*a + 4. Give w(-6).
16
Let n(f) = -f + 1. Give n(-3).
4
Let i(o) = 2*o + 24. Determine i(-11).
2
Let d(n) = n - 20. Give d(25).
5
Let k(s) = 2*s**2 - 46*s + 237. Determine k(8).
-3
Let d(a) = a**2 + 10*a + 32. Determine d(-3).
11
Let c(f) = f**3 - 26*f**2 - 2*f + 43. Give c(26).
-9
Let o(u) = u**2 + 310*u + 928. Determine o(-3).
7
Let a(b) = -b**3 + 12*b**2 - 8*b - 43. Calculate a(11).
-10
Let q(c) = c**3 + 8*c**2 - 8*c + 13. Give q(-9).
4
Let r(b) = -b**3 - 35*b**2 - 37*b - 94. Give r(-34).
8
Let b(q) = q**2 - 8*q + 8. What is b(7)?
1
Let a(o) = 9*o + 78. Give a(-9).
-3
Let i(z) = z**2 + 16*z + 54. What is i(-10)?
-6
Let n(v) = -21*v**2 + v - 1. What is n(1)?
-21
Let p(m) = -13*m**2 - 224*m - 56. Give p(-17).
-5
Let q(t) = -t**3 + 36*t**2 - 33*t - 57. What is q(35)?
13
Let j(n) = -3*n - 38. What is j(19)?
-95
Let u(g) = -g**3 + 7*g**2 + 5*g - 2. Give u(6).
64
Let a(t) = t**3 + 7*t**2 - t - 3. Determine a(-8).
-59
Let u(d) = -11*d + 2. Calculate u(2).
-20
Let i(f) = 2*f**3 + 27*f**2 - 45*f + 14. Calculate i(-15).
14
Let i(b) = -4*b + 5. What is i(3)?
-7
Let k(p) = p**2 + 6*p - 7. Calculate k(3).
20
Let q(a) = a**2 - 9*a - 10. Determine q(10).
0
Let y(r) = 2*r**2 - 69*r - 37. Give y(35).
-2
Let g(c) = 30*c**2 - 2*c + 1. Calculate g(1).
29
Let i(w) = w**3 + 11*w**2 + 31*w + 7. Give i(-7).
-14
Let a(c) = c - 7. Give a(9).
2
Let z(g) = -88*g**3 - 3*g**2 - 3*g - 1. Give z(-1).
87
Let w(k) = -18*k + 138. What is w(7)?
12
Let j(g) = g**3 + 4*g**2 + 2*g - 13. Calculate j(-4).
-21
Let i(t) = t**3 - 8*t**2 + t + 3. Determine i(8).
11
Let n(v) = v**3 + 8*v**2 + 14*v - 5. What is n(-5)?
0
Let a(t) = t**2 - 15*t - 8. Give a(20).
92
Let x(b) = 20*b - 85. Give x(5).
15
Let q(s) = 2*s**3 + 12*s**2 - 7*s + 1. Give q(-7).
-48
Let b(y) = -y**3 + 6*y**2 + 4. Give b(6).
4
Let x(y) = -y**3 + 21*y**2 - 15*y - 88. Calculate x(20).
12
Let m(p) = p**3 - 14*p**2 + 27*p - 46. What is m(12)?
-10
Let u(x) = -2*x + 32. What is u(16)?
0
Let r(l) = l**2 + 7*l - 51. Give r(-12).
9
Let d(x) = x**3 + 4*x**2 + 2*x + 3. Determine d(-4).
-5
Let g(w) = w + 34. Give g(-20).
14
Let q(n) = -n**3 - 17*n**2 + 2*n + 34. Determine q(-17).
0
Let b(k) = -k**2 - 6*k - 9. Determine b(-6).
-9
Let h(t) = -4*t + 18. What is h(9)?
-18
Let j(h) = -h**2 - 8*h + 26. Determine j(-10).
6
Let y(v) = 2*v + 20. Determine y(-7).
6
Let t(f) = f**2 - 15*f - 11. Calculate t(14).
-25
Let a(j) = j - 130. What is a(8)?
-122
Let a(n) = 2*n - 36. Determine a(23).
10
Let i(c) = c**2 - 8*c - 6. Determine i(9).
3
Let o(l) = -l**3 - 6*l**2 - 3*l - 4. What is o(-6)?
14
Let z(m) = -2*m**2 - 53*m - 32. Calculate z(-26).
-6
Let t(a) = a**3 - a**2 - 12*a + 1. Determine t(0).
1
Let o(l) = -l**3 - 17*l**2 - 33*l - 31. What is o(-15)?
14
Let a(m) = 10*m + 81. Calculate a(-10).
-19
Let u(l) = -l**3 + 12*l**2 + 20*l - 16. Determine u(13).
75
Let f(q) = 3*q**3 - 4*q**2 - 2*q + 2. What is f(2)?
6
Let r(u) = -u**3 + 9*u**2 - 7*u - 8. Give r(6).
58
Let h(s) = -s**3 - 5*s**2 + 9*s - 4. Give h(-7).
31
Let t(l) = -l + 30. What is t(19)?
11
Let u(g) = -g + 2. Give u(3).
-1
Let b(i) = -2*i**2 - 10*i - 23. Determine b(-6).
-35
Let j(z) = -z**3 + 4*z**2 - 3*z - 7. Calculate j(5).
-47
Let z(w) = -w**2 - 9*w - 3. Calculate z(-11).
-25
Let n(j) = j + 13. Determine n(-7).
6
Let n(g) = 24*g - 132. Calculate n(5).
-12
Let g(u) = -u**3 + 5*u**2 - 6*u + 14. What is g(4)?
6
Let b(q) = -5*q**2 + 3*q - 9. What is b(4)?
-77
Let c(l) = -l**2 + l + 8. What is c(3)?
2
Let j(q) = q**3 - 5*q**2 - 7*q - 4. Determine j(6).
-10
Let w(r) = 2*r**3 + 2*r**2 - 5*r + 9. Give w(2).
23
Let r(p) = 3*p**2 + p - 3. What is r(-2)?
7
Let d(b) = -64*b + 62. What is d(1)?
-2
Let o(u) = -2*u**2 + 20*u - 68. Give o(5).
-18
Let o(x) = -x**3 - 51*x**2 - 102*x - 192. What is o(-49)?
4
Let z(r) = 3*r + 28. Determine z(-2).
22
Let a(g) = -g**2 + 8*g - 4. Determine a(5).
11
Let p(r) = -3*r**2 - 4*r - 3. Give p(-4).
-35
Let s(z) = -z**2 - 8*z + 24. What is s(3)?
-9
Let r(b) = 11*b - 1. What is r(1)?
10
Let j(m) = m**2 + 4*m + 1. What is j(-6)?
13
Let v(r) = -2*r**2 - 26*r + 83. Determine v(-16).
-13
Let j(c) = 3*c**2 - 57*c + 11. Calculate j(19).
11
Let t(w) = w**3 - 14*w**2 - 2*w + 28. Give t(14).
0
Let i(p) = 5*p**3 - 2*p**2 + 1. Give i(1).
4
Let d(j) = 7*j - 1. Determine d(-1).
-8
Let r(n) = 70*n - 73. Calculate r(1).
-3
Let p(h) = 43*h**2. Calculate p(1).
43
Let g(b) = b**3 + 16*b**2 + 47*b - 29. Calculate g(-12).
-17
Let x(w) = -w**3 - 11*w**2 + w + 36. Calculate x(-11).
25
Let j(n) = -n**3 - 36*n**2 - 68*n + 12. Determine j(-34).
12
Let z(i) = -2*i**2 - 29*i + 18. Give z(-15).
3
Let t(m) = -m**2 + 34*m - 84. Give t(31).
9
Let m(d) = -d**2 + 15*d - 19. Give m(14).
-5
Let f(r) = r**2 - 4*r + 2. What is f(2)?
-2
Let p(g) = 59*g - 292. Determine p(5).
3
Let u(h) = 3*h**2 + 58*h + 13. What is u(-19)?
-6
Let z(u) = -u**2 + 14*u - 35. Determine z(11).
-2
Let l(h) = h**3 - 14*h**2 - 15*h - 26. Give l(15).
-26
Let a(r) = -r**3 + r**2 + 2*r + 7. Determine a(0).
7
Let c(n) = 7*n + 164. Determine c(-24).
-4
Let a(p) = -p. Give a(2).
-2
Let i(m) = m - 11. What is i(10)?
-1
Let g(l) = -l**3 - 5*l**2 + 3*l - 3. Give g(-6).
15
Let k(r) = -r + 18. What is k(13)?
5
Let o(t) = t**3 - 10*t**2 + 9*t + 19. Give o(8).
-37
Let g(v) = v**3 - 21*v**2 + 66*v + 33. Determine g(17).
-1
Let g(q) = -q**2 - 8*q + 3. Give g(-6).
15
Let p(n) = n**2 + 14*n + 12. Determine p(-13).
-1
Let w(n) = n**3 - 8*n**2 - 10*n + 11. What is w(9)?
2
Let d(n) = n**3 - 8*n**2 - 13*n + 39. Determine d(9).
3
Let q(g) = -g**2 - 17*g + 17. Calculate q(1).
-1
Let j(p) = -3*p**3 + 11*p**2 - p - 2. Give j(3).
13
Let d(z) = -z**3 - 7*z**2 - 12*z - 11. What is d(-5)?
-1
Let v(b) = -b + 14. What is v(18)?
-4
Let j(b) = 2*b**2 + 26*b + 4. What is j(-12)?
-20
Let o(z) = -z**3 - 15*z**2 + 36*z + 35. Calculate o(-17).
1
Let y(w) = 2*w**2 + 7*w. Determine y(-4).
4
Let k(n) = 2*n**2 - 14*n - 38. Calculate k(8).
-22
Let s(c) = c**3 + 11*c**2 + 3*c + 19. What is s(-11)?
-14
Let g(l) = l**3 + 10*l**2 - 11*l - 5. Determine g(-11).
-5
Let a(q) = q**2 - 3*q + 10. Calculate a(9).
64
Let r(d) = -3*d - 23. Determine r(-15).
22
Let p(r) = -r**3 - r**2 + 14*r + 23. Determine p(-2).
-1
Let d(a) = 13*a + 499. What is d(-38)?
5
Let k(i) = 13*i**2 - 4*i - 7. What is k(3)?
98
Let g(h) = -h**2 - 17*h. What is g(-17)?
0
Let s(c) = -8*c**3 + 2*c**2 - 13*c + 12. Determine s(1).
-7
Let f(x) = -x**2 + 2. Determine f(-6).
-34
Let v(g) = -g - 2. What is v(0)?
-2
Let i(a) = -a**2 - 2*a - 2. What is i(-3)?
-5
Let q(f) = f**2 - 2*f - 16. Give q(0).
-16
Let f(o) = o**3 + 10*o**2 + o - 3. Determine f(-10).
-13
Let z(w) = w - 9. Determine z(11).
2
Let q(o) = 6*o + 20. Determine q(7).
62
Let n(z) = -z**3 - 18*z**2 - 30*z + 34. What is n(-16)?
2
Let y(h) = 27*h**2 - 161*h - 7. Calculate y(6).
-1
Let g(u) = 3*u**3 + 9*u**2 - 5*u - 3. Give g(-4).
-31
Let j(z) = 5*z**3 - 1. Determine j(-2).
-41
Let c(p) = 8*p + 3. Determine c(-14).
-109
Let g(b) = b - 13. Calculate g(-11).
-24
Let i(k) = 5*k - 99. What is i(23)?
16
Let r(x) = x + 29. Determine r(-15).
14
Let n(g) = -3*g + 21. Calculate n(9).
-6
Let s(a) = 16*a + 367. Calculate s(-23).
-1
Let c(z) = 5*z**2 - 74*z - 10. Give c(15).
5
Let p(d)